of 117779.
117779
What are the prime factors of 27190648?
2, 563, 6037
List the prime factors of 2034354.
2, 3, 7, 48437
What are the prime factors of 9880328?
2, 1235041
List the prime factors of 279522.
2, 3, 53, 293
What are the prime factors of 7987186?
2, 3993593
What are the prime factors of 7393277?
2333, 3169
What are the prime factors of 936339?
3, 19, 16427
What are the prime factors of 7708592?
2, 481787
What are the prime factors of 1114443?
3, 11, 11257
List the prime factors of 1852521.
3, 11, 73, 769
What are the prime factors of 200467?
200467
What are the prime factors of 14424477?
3, 19, 701
What are the prime factors of 299648?
2, 2341
What are the prime factors of 9121107?
3, 3040369
List the prime factors of 21336596.
2, 5334149
List the prime factors of 12388623.
3, 13, 31, 10247
List the prime factors of 1054114.
2, 527057
List the prime factors of 7241228.
2, 23, 31, 2539
List the prime factors of 2685410.
2, 5, 7, 13, 227
What are the prime factors of 540443?
353, 1531
What are the prime factors of 176718?
2, 3, 29453
List the prime factors of 3625138.
2, 11, 41, 4019
What are the prime factors of 1344049?
7, 192007
What are the prime factors of 332609?
131, 2539
What are the prime factors of 348124?
2, 7, 12433
List the prime factors of 4745953.
19, 37, 43, 157
List the prime factors of 199408.
2, 11, 103
List the prime factors of 197653.
239, 827
What are the prime factors of 65383?
151, 433
List the prime factors of 11415637.
19, 600823
List the prime factors of 4429789.
7, 13, 48679
List the prime factors of 20955663.
3, 43, 173, 313
What are the prime factors of 8717360?
2, 5, 108967
What are the prime factors of 1730361?
3, 576787
What are the prime factors of 1994736?
2, 3, 29, 1433
What are the prime factors of 3507031?
11, 211, 1511
List the prime factors of 3706002.
2, 3, 227, 907
What are the prime factors of 113925?
3, 5, 7, 31
What are the prime factors of 198912?
2, 3, 7, 37
What are the prime factors of 23541214?
2, 29, 31, 13093
What are the prime factors of 224196?
2, 3, 7, 17, 157
What are the prime factors of 5274624?
2, 3, 17, 101
List the prime factors of 3626526.
2, 3, 491, 1231
What are the prime factors of 10343438?
2, 7, 397, 1861
What are the prime factors of 315858?
2, 3, 61, 863
What are the prime factors of 109797?
3, 36599
List the prime factors of 1909289.
941, 2029
List the prime factors of 937849.
11, 85259
List the prime factors of 17751088.
2, 43, 25801
List the prime factors of 316936.
2, 173, 229
List the prime factors of 542420.
2, 5, 37, 733
What are the prime factors of 132984?
2, 3, 1847
List the prime factors of 449787.
3, 13, 19, 607
List the prime factors of 288197.
7, 13, 3167
List the prime factors of 38586.
2, 3, 59, 109
What are the prime factors of 23191?
7, 3313
What are the prime factors of 2395797?
3, 798599
List the prime factors of 2424666.
2, 3, 19, 21269
List the prime factors of 1700264.
2, 283, 751
List the prime factors of 342706.
2, 7, 13, 269
What are the prime factors of 5245009?
7, 11, 37, 263
What are the prime factors of 537377?
19, 28283
List the prime factors of 5300369.
179, 29611
What are the prime factors of 5094937?
23, 37, 5987
What are the prime factors of 6073172?
2, 7, 216899
What are the prime factors of 634241?
634241
List the prime factors of 170978.
2, 53, 1613
List the prime factors of 3108264.
2, 3, 67, 1933
What are the prime factors of 5404045?
5, 17, 63577
List the prime factors of 129466.
2, 19, 3407
List the prime factors of 15684366.
2, 3, 2614061
List the prime factors of 10271.
10271
What are the prime factors of 1887693?
3, 331, 1901
What are the prime factors of 10143604?
2, 2535901
List the prime factors of 414762.
2, 3, 69127
List the prime factors of 89782.
2, 7, 11, 53
List the prime factors of 2470402.
2, 11, 112291
List the prime factors of 158690.
2, 5, 7, 2267
List the prime factors of 27699.
3, 7, 1319
List the prime factors of 2581782.
2, 3, 7, 61471
What are the prime factors of 2050759?
61, 33619
What are the prime factors of 966218?
2, 11, 37, 1187
What are the prime factors of 8206250?
2, 5, 13, 101
What are the prime factors of 96743?
89, 1087
What are the prime factors of 2783855?
5, 29, 73, 263
What are the prime factors of 652225?
5, 7, 3727
What are the prime factors of 2100863?
151, 13913
List the prime factors of 1748119.
1748119
What are the prime factors of 1075170?
2, 3, 5, 35839
What are the prime factors of 122006?
2, 53, 1151
List the prime factors of 52399.
61, 859
What are the prime factors of 292669?
13, 47, 479
List the prime factors of 155017.
155017
What are the prime factors of 16733814?
2, 3, 17, 164057
List the prime factors of 542209.
131, 4139
List the prime factors of 631827.
3, 7, 3343
List the prime factors of 3349042.
2, 263, 6367
List the prime factors of 293319.
3, 13, 23, 109
What are the prime factors of 158931?
3, 17659
What are the prime factors of 20803497?
3, 11, 13, 71, 683
List the prime factors of 1245301.
17, 31, 139
What are the prime factors of 204194?
2, 23, 193
List the prime factors of 241353.
3, 7, 1277
What are the prime factors of 145385?
5, 29077
What are the prime factors of 6095978?
2, 7, 435427
List the prime factors of 3659776.
2, 1787
What are the prime factors of 1886835?
3, 5, 125789
What are the prime factors of 25741?
25741
What are the prime factors of 3916772?
2, 223, 4391
What are the prime factors of 37887668?
2, 7, 13, 104087
What are the prime factors of 9554330?
2, 5, 955433
List the prime factors of 14287046.
2, 71, 100613
What are the prime factors of 1652381?
53, 31177
List the prime factors of 30207002.
2, 7, 827, 2609
What are the prime factors of 5611697?
7, 13, 61667
List the prime factors of 16643.
11, 17, 89
List the prime factors of 29744033.
11, 17, 159059
List the prime factors of 2591923.
19, 136417
List the prime factors of 678414.
2, 3, 11, 19, 541
List the prime factors of 90185.
5, 17, 1061
List the prime factors of 16798597.
283, 59359
List the prime factors of 2247928.
2, 19, 23, 643
What are the prime factors of 2703131?
373, 7247
What are the prime factors of 198677?
61, 3257
List the prime factors of 952658.
2, 7, 9721
What are the prime factors of 39712?
2, 17, 73
What are the prime factors of 1252014?
2, 3, 71, 2939
What are the prime factors of 2181505?
5, 47, 9283
What are the prime factors of 388051?
388051
List the prime factors of 2731111.
2731111
List the prime factors of 20089732.
2, 13, 211, 1831
What are the prime factors of 10085222?
2, 7, 720373
What are the prime factors of 10525357?
10525357
List the prime factors of 4636200.
2, 3, 5, 7727
What are the prime factors of 7003017?
3, 7, 23, 179
What are the prime factors of 2956634?
2, 503, 2939
What are the prime factors of 2521149?
3, 181, 4643
What are the prime factors of 106874?
2, 53437
List the prime factors of 8273386.
2, 11, 376063
List the prime factors of 9339504.
2, 3, 179, 1087
What are the prime factors of 82254?
2, 3, 13709
List the prime factors of 1445138.
2, 199, 3631
What are the prime factors of 2106842?
2, 1053421
List the prime factors of 1557057.
3, 41, 12659
What are the prime factors of 153367?
103, 1489
What are the prime factors of 3539550?
2, 3, 5, 7, 3371
What are the prime factors of 26291401?
17, 89, 17377
List the prime factors of 675841.
675841
What are the prime factors of 383664?
2, 3, 7993
What are the prime factors of 548925?
3, 5, 13, 563
List the prime factors of 9901249.
191, 51839
List the prime factors of 14366.
2, 11, 653
What are the prime factors of 4003390?
2, 5, 400339
What are the prime factors of 36192125?
5, 139, 2083
What are the prime factors of 2684796?
2, 3, 229, 977
List the prime factors of 845854.
2, 422927
List the prime factors of 103170.
2, 3, 5, 19, 181
List the prime factors of 57575.
5, 7, 47
List the prime factors of 349989.
3, 116663
What are the prime factors of 1480308?
2, 3, 281, 439
List the prime factors of 4036719.
3, 743, 1811
What are the prime factors of 515497?
277, 1861
List the prime factors of 2008835.
5, 383, 1049
List the prime factors of 29813.
7, 4259
What are the prime factors of 1479079?
7, 211297
What are the prime factors of 1381915?
5, 479, 577
What are the prime factors of 2912